 h. Suppose -2*f = -4, 0*u - 5*f = h*u - 25. Is u a prime number?
True
Let p be -6*(-3 + (-27)/(-6)). Let c = 13 - p. Is c a composite number?
True
Suppose 3*x + x + 11 = 3*o, -2*x = -8. Let g be (6/o)/(4/102). Suppose 11 = 4*j - g. Is j a composite number?
False
Let l = 74 - 132. Let j = 91 - l. Is j a composite number?
False
Suppose 3*l = -5*w + 435, 0*l = -4*l + 3*w + 580. Is l a prime number?
False
Let a be 2 + 2 + (-66)/3. Is (-1968)/a + (-2)/6 a prime number?
True
Suppose 0*h - 217 = -2*h - 5*u, h + 5*u - 96 = 0. Is h a composite number?
True
Let h be 1*(-2 + -2)*9. Let w = 58 + h. Let k = w - 8. Is k composite?
True
Let r = -1 + 4. Suppose -2*z - 4*o - 1 = -71, -4*z - 5*o = -140. Suppose 2*m - z = -r*m. Is m a composite number?
False
Suppose -2*k + 5*b = -12428 + 787, 2*b = -k + 5807. Is k a prime number?
True
Let w(v) = v**3 + 1. Let a be w(0). Let i be -2*(-3 - -2 - a). Suppose -5*p + 0*n + 635 = -2*n, -5*p - i*n = -635. Is p a prime number?
True
Suppose 56 = 8*z - 0*z. Let v be (-2)/9*3*-498. Suppose v = z*d - 3*d. Is d prime?
True
Suppose 4*z + 72 + 371 = -w, -4*z - 437 = -w. Let l = 241 + z. Is l a prime number?
True
Let p be (-6)/42 + (-2)/(-14). Suppose p = 3*h - h - 44. Is h composite?
True
Let o(v) be the second derivative of 3*v**5/20 + v**4/12 - v**3/2 + v**2/2 - 3*v. Let p = -2 + 4. Is o(p) prime?
True
Suppose 2*c - 390 = -1444. Let i = -190 - c. Is i prime?
True
Let k = 29 - 15. Let d = 219 + k. Is d a composite number?
False
Suppose -2*s + 15 = -2*r - 3, -4*r = 3*s + 22. Let u = r - -10. Suppose -4*g = h - 4*h - 202, u*h + 104 = 2*g. Is g prime?
False
Let m be (-26)/(-5) - (-3)/(-15). Suppose 3*y + 226 = m*y. Is y a prime number?
True
Suppose 168 = k - 5*w, -5*k + 10*k - w - 912 = 0. Is k a composite number?
True
Suppose f + 4*u = 7*u + 1271, -f - 5*u = -1239. Is f a composite number?
False
Let a(m) = 44*m + 1. Let k(i) = 2*i**2 - 4*i + 3. Let w be k(2). Is a(w) composite?
True
Let b = -231 + 337. Suppose -m = 3, -3*m + 60 = -3*j - 138. Let g = b + j. Is g composite?
False
Let v(h) = 2*h**2 - 4*h + 3. Let b be v(3). Suppose 5*x - 16 = b. Suppose -2*g + 55 = j, 4*j = -g + x*g + 244. Is j prime?
True
Let y be (105/(-1))/(-1) - 3. Is y/8 - 1/(-4) prime?
True
Suppose 0 = q - 3*y - 395 - 303, 4*y - 1346 = -2*q. Is q a prime number?
True
Is 56/10 - 10/(-25) a composite number?
True
Let a(f) = 14*f + 48*f - 3 - 3*f + 59*f. Is a(2) composite?
False
Let u(z) = -5*z**3 - z**2 - z. Let m be u(-1). Let h be ((-267)/m)/((-2)/10). Suppose 2*a + a = h. Is a composite?
False
Let y = 289 + -140. Is y a composite number?
False
Suppose 0 = -11*x + 6*x + 10. Suppose 0 = 2*r + 3*l - 327, 0 = 5*r + l - x*l - 792. Is r a prime number?
False
Let o = 24 + -20. Suppose 3*m - 1589 = -o*d, -2*m = d - 456 - 600. Is m a composite number?
True
Let w = 0 - -2. Suppose 0 = b + 3 - 8. Suppose -2*u - 10 = 0, -g - 38 = -w*g + b*u. Is g composite?
False
Suppose -1462 = -6*u + 278. Let z = 408 - u. Is z prime?
False
Let n(b) = -b**3 - 3*b**2 + 5*b + 6. Let o be n(-4). Suppose -o*z = 5 - 1. Let g(s) = 2*s**2 + 1. Is g(z) a composite number?
True
Let g(w) = w**2 - 12*w - 5. Let r be g(12). Is r/((-4 - -1)/141) prime?
False
Let y = -5 + 73. Suppose 0 = 6*s - 2*s + q - 1, -5 = -4*s - 5*q. Suppose s = -2*t + z + 25, -4*t - 3*z - z + y = 0. Is t a prime number?
False
Is (-1432)/(-4) - (11 - 8) a prime number?
False
Suppose -4*q = 9 - 1. Is q/(-3) - 1771/(-21) prime?
False
Let q be -4*((-450)/8)/(-3). Let d = q + 128. Is d prime?
True
Let v(f) = -f**2 + 6*f + 8. Let h be v(7). Is (0 - h)/(2/(-46)) composite?
False
Let m(s) = 9*s**2 + 5*s + 5. Let i be ((-4)/(-3))/((-6)/9). Is m(i) composite?
False
Let j = -512 + 1479. Is j prime?
True
Let n be -2*((-30)/4 - 0). Let i = n + 82. Is i prime?
True
Let z = 263 - -366. Is z a prime number?
False
Suppose 0*h + 4*h + 390 = 5*r, -r = -2. Let z = 2 - h. Is z a composite number?
False
Suppose -385 = -h + 468. Is h prime?
True
Let y = -340 + 493. Suppose -y = -5*t + 487. Is (-2)/(-3) + t/6 a prime number?
False
Let a(j) = -j**2 + j + 74. Let b be (-5)/20 + 1/4. Let d be a(b). Is (0 + 4)*d/8 composite?
False
Suppose 0 = -l + 3*b + 2*b + 29, 0 = -3*l - 3*b - 3. Is (l/(-10))/((-2)/470) a prime number?
False
Let p(s) = 80*s**2 + 12*s - 7. Is p(5) prime?
True
Let t(d) = 176*d**3 - 2*d**2 - 4*d + 7. Is t(3) composite?
False
Suppose w = -1358 + 6511. Is w a composite number?
False
Let j = 241 + -105. Let t be 8*(42 + 4/2). Suppose -4*k + 4*s = j - t, 2*k + 2*s = 120. Is k a prime number?
False
Let s be (16 + 2)*(-3)/(-9). Suppose -f = -s*f + 6020. Suppose 0 = 4*k - 5*u - f, u = -3*k - 2*u + 903. Is k a prime number?
False
Is (694/(-8))/(((-20)/5)/32) a prime number?
False
Suppose 4*v + 0 + 1 = -5*q, v - 11 = q. Suppose 0 = i - v - 0. Suppose -p - i = -2*p. Is p composite?
True
Let t = 25 + -52. Let w = 80 + t. Is w a composite number?
False
Is ((-134)/3)/((-16)/24) + 2 prime?
False
Let v = 3 - 4. Let y be v/(-3*3/(-36)). Is (-2)/(-4) + (-38)/y a composite number?
True
Suppose -4 = -0*d - 2*d. Is ((-1315)/25)/(d/(-10)) a composite number?
False
Suppose 4*x + 413 = -471. Let s = -139 - x. Is s composite?
True
Let l = -25 + 16. Let k be 0*(-2 + (-21)/l). Is 13 - (2 + -3 + k) composite?
True
Suppose -b = 4*b. Suppose b*g = 4*g - 20. Suppose -g*y + 14 = -16. Is y composite?
True
Suppose 3*c - 7 = -1. Suppose -4*z + c*z = -12. Is 2*237/z*1 a prime number?
True
Let a be (-133)/(-14) + (-2)/(-4). Is 700/a + -1 + 0 a prime number?
False
Let m(g) = g. Let x(q) = 31*q**2 + 4*q - 1. Let t(r) = -6*m(r) + x(r). Is t(-2) a composite number?
False
Let r(a) = 22*a**2 + 2*a + 1. Let u be 1/(-5) + 14/(-5). Let x(d) = -d**3 - 2*d**2 + 4*d + 2. Let h be x(u). Is r(h) a prime number?
False
Suppose -m + 196 = 4*x, -2*m - 5*x + 567 = m. Is m/(-16)*2/(-1) a composite number?
False
Let l be 2 + (3 + -4 - 7). Is 111*(l/2 - -4) a prime number?
False
Suppose -5*z + 10*z = 335. Is z composite?
False
Suppose -5404 = 10*v - 15174. Is v a prime number?
True
Let t(c) = 6*c**3 - 5*c**2 - c + 6. Let l be t(6). Suppose -5*k + 1859 = 4*z, -3*k = -2*z + 5*z - l. Suppose -3*q - 98 = -k. Is q a composite number?
True
Let q(w) be the third derivative of 95*w**4/24 + w**3/3 - 8*w**2. Is q(1) composite?
False
Suppose -21 = 3*f - 6*f. Suppose -2*p - 25 = -f*p. Let h(m) = 2*m**2 - 1. Is h(p) composite?
True
Let l = 42 + -11. Is l composite?
False
Let g(d) be the first derivative of -d**4/4 + 5*d**3/3 + d**2/2 - 2*d - 2. Let k(w) = 4*w - 3. Let h be k(2). Is g(h) composite?
False
Let y = 1253 + -858. Is y prime?
False
Suppose -4*g - 5*c = 22, -5*g = -4*c + 27 + 21. Let q(y) = -y - 5. Let j be q(g). Suppose -v - j*v + 124 = 0. Is v a prime number?
True
Let z = -10 + 14. Let u be z*(-1*2)/2. Let s(n) = -n**3 + 4*n**2 + 3*n + 3. Is s(u) a prime number?
False
Let w = -1064 - -1783. Is w prime?
True
Let z(u) = -421*u - 3. Is z(-2) a composite number?
False
Let y(i) = -2*i**3 + 0 + 9*i**2 - 1 + 0*i**3 + i**3 + 6*i. Suppose 49 = 5*r + 2*j, r = -2*r + 5*j + 17. Is y(r) composite?
False
Let c(a) = a**3 + a - 1. Let l(t) = -7*t**3 - 6*t**2 - 9*t + 6. Let b(r) = 6*c(r) + l(r). Let h be b(-5). Let m(n) = -5*n + 1. Is m(h) prime?
False
Let h(p) = 119*p**2. Is h(1) a prime number?
False
Let k = -235 + 345. Suppose 445 = d + k. Is d a prime number?
False
Let a = 307 - 122. Is a composite?
True
Let h(b) = 8*b - 6. Let u be h(8). Let x = 91 - u. Is x composite?
True
Let a = -3 + 5. Let q = a - -19. Suppose -q - 44 = -5*l. Is l prime?
True
Let p = 9767 - 5106. Is p a prime number?
False
Let n = -533 - -1084. Is n prime?
False
Let k be 0*(15/6)/(-5). Suppose -5*h + 9*h - 156 = k. Is h composite?
True
Suppose -5*v + 571 = -u, -2*v + u = -6*v + 455. Suppose 5*z = x - v, -5*x + 1 + 454 = -2*z. Is x a prime number?
True
Let t be (-2 + 2)*(-5)/15. Is t + (-260)/(-2 + -2) composite?
True
Let r be (0 - -5)*(0 - 1). Let i(t) = -6*t**3 - 3*t**2 - 3*t + 11. Is i(r) a prime number?
True
Let g(y) = 7*y**2 + 15*y - 1. Let c(q) = 4*q**2 + 8*q - 1. Let r(n) = -5*c(n) + 3*g(n). Let h be r(-5). Suppose -h*w + 40 = 2*w. Is w a prime number?
False
Let f(r) be the first derivative of r**3/3 + 5*r**2/2 - 15*r - 7. Is f(8) a prime number?
True
Suppose -5*x + 0*x = -745. Is x a prime number?
True
Let s be (-1)/(3 - 2 